+ -3). Suppose 2 = 4*t - g. What is the greatest common factor of 6 and t?
2
Let w be (39 - (-1 - 1)) + 2 + 0. Calculate the highest common factor of 344 and w.
43
Suppose -7*t + 611 = 478. Calculate the highest common factor of t and 2299.
19
Suppose 374 = 21*j + 80. Suppose 0 = -0*m - m + 2. Suppose -3*s + 42 = -4*v, m*v = 2*s - 2*v - 28. Calculate the greatest common divisor of j and s.
14
Let j(x) = 44*x - 4. Let d be j(2). Suppose 0 = -2*f + m + 60, 5*m + 124 = 5*f + 9*m. What is the greatest common divisor of d and f?
28
Let k(g) = 4*g**3. Suppose 0 = 2*t, u - 4 = -u + t. Let f be k(u). Calculate the highest common factor of 8 and f.
8
Let u = -631 + 736. What is the highest common factor of 455 and u?
35
Let i(b) = 2*b**2 - 2*b - 3. Let w be i(-2). Suppose -3*f + 200 + 16 = 5*z, -144 = -2*f - 3*z. Calculate the greatest common factor of f and w.
9
Suppose -3*l + 7 = 4*l. Let o be (86 - -18)*l/2. What is the highest common factor of o and 39?
13
Suppose 2*y = -h - y + 15, h + y - 11 = 0. Calculate the highest common divisor of h and 11.
1
Let n(m) = -m**3 + m**2 - 5*m - 2. Let k(q) = q**3 + q**2 + q + 1. Let h(s) = -2*k(s) - n(s). Let t be h(-4). What is the highest common divisor of t and 40?
4
Let h = 89 + -87. Suppose 6 = 3*a, -l + h = -3*a + 1. Calculate the highest common divisor of l and 161.
7
Let w(a) = 3*a - 10. Let z be w(7). Suppose -r + 2*k = -54, 5*r - 369 = 4*k - 129. What is the greatest common divisor of r and z?
11
Let c(f) = 48*f - 60. Let j be c(12). What is the greatest common divisor of j and 12?
12
Let p be (-36)/5*-16*(-30)/(-36). Calculate the greatest common divisor of 48 and p.
48
Suppose 2*q - 1 - 3 = 0. Suppose -3*n = 4*o - 18, q*o - 3*o + 3*n = 3. Let g be (o/2)/((-3)/(-6)). Calculate the highest common factor of 24 and g.
3
Suppose -1372 = -j - 13*j. Let v = -92 + j. Let y be 2/(-3) - (-256)/6. What is the greatest common divisor of y and v?
6
Let w be 56/(-12)*18/(-21). Let s be (-5 - -6)*w/1. Let d(t) = -t**3 + 5*t**2 + 3*t + 4. Let k be d(s). Calculate the highest common factor of 4 and k.
4
Let z(q) = 5*q**2 + 9*q - 49. Let c be z(-28). Calculate the highest common factor of c and 77.
77
Let z(t) = -1 + 9 + 0*t + 7 + t. Let r be z(-5). What is the greatest common divisor of 5 and r?
5
Suppose -5*q = 6*s - 3*s - 313, 3*q + 4*s - 179 = 0. Let h = q + -23. Calculate the greatest common factor of 6 and h.
6
Let d(c) = 2*c + 6. Let w be d(5). Let i = 118 - 86. Calculate the highest common divisor of i and w.
16
Let w = -5959 + 5969. Let c(h) = -81*h - 1. Let m be c(-1). What is the highest common factor of m and w?
10
Let k = 7 + -5. Let d be (-4 + k)/(1/(-20)). Let n = 771 - 755. Calculate the greatest common divisor of d and n.
8
Suppose 2*v - 20 + 12 = 0. Suppose -v*b - 392 = -12*b. Calculate the highest common factor of 49 and b.
49
Let r(h) = 5*h - 45. Let w be r(10). Suppose -54 = -3*z + j, 0 = w*z - 2*j - 65 - 25. What is the greatest common divisor of z and 18?
18
Let b be 1/6*6 + -1 + 7. Let i = 11 - b. What is the greatest common divisor of 20 and i?
4
Let g(w) = -3*w**2 - 27*w + 31. Let t be g(-10). Calculate the highest common factor of 16 and t.
1
Suppose 0*w - 2*w = -4. Calculate the greatest common factor of w and 4.
2
Suppose 2*f - 2*n = 62, 5*f + 3*n = 43 + 120. Calculate the greatest common factor of f and 40.
8
Let h = -248 + 280. Calculate the highest common factor of h and 368.
16
Suppose 5*a + 467 = 4*c + 102, 2*c = 3*a + 183. Let v(p) = p**3 + 7*p**2 + p - 15. Let w be v(-3). What is the highest common divisor of w and c?
18
Suppose 3*n + 17*n - 1760 = 0. What is the greatest common factor of n and 22?
22
Let d be 2 + (-345)/10 + (-2)/(-4). Let c = -17 - d. Calculate the highest common factor of 75 and c.
15
Let k = 830 + -828. Let u = 1 + -3. Let n be u + (-5)/((-15)/24). What is the greatest common divisor of k and n?
2
Let b(z) = 8*z - 11. Let h be b(4). Suppose 7 - h = -2*n. Calculate the greatest common factor of 49 and n.
7
Let b be (0 - (3 - 2)) + -17. Let n = 42 - b. Let v(o) = -o**2 + 14*o - 21. Let j be v(9). Calculate the highest common divisor of j and n.
12
Let t(z) = 27*z + 28. Let s be t(-7). Let q = s + 257. Let w(l) = l**3 - 3*l**2 + 5*l - 3. Let n be w(3). What is the highest common divisor of n and q?
12
Let m be (5/(-1))/5 - -4. Suppose -m*t + 16 = -11. What is the greatest common factor of t and 15?
3
Let o be 1*-4*(-8)/2. Suppose -19 = 2*p + 3*f + o, 4*p + 105 = f. Let k be ((-56)/(-10))/((-10)/p). What is the greatest common divisor of k and 14?
14
Let n = 133 - 93. Let x be (-26)/(0 + 0 + -1). Let c = 36 - x. Calculate the greatest common factor of n and c.
10
Suppose 8*x = -430 + 2878. Calculate the highest common factor of x and 18.
18
Suppose 81*z + 3 = 84. Calculate the highest common factor of z and 509.
1
Let a(r) = 6*r**2 + 62*r + 119. Let p be a(-2). Calculate the highest common factor of 1159 and p.
19
Suppose 5*s + 2*w - 36 = -w, 5*s - 2*w = 26. Let a be (-176)/(-24)*45/s. What is the greatest common factor of 33 and a?
11
Let r(f) = 71*f - 419. Let j be r(6). What is the highest common factor of j and 1043?
7
Let c be (-6)/((-660)/(-112) - 6). Calculate the highest common factor of c and 40.
8
Suppose 5*l + 3*v - 84 + 14 = 0, 3*l - 43 = -2*v. Suppose 10*k + 36 = 476. What is the highest common divisor of l and k?
11
Suppose -v - 16 = -56. Suppose -2 - 158 = -10*o. What is the highest common divisor of v and o?
8
Let m = -63 + 147. Suppose 12*q = 5*q + 84. What is the greatest common factor of q and m?
12
Suppose 0 = -5*k + 5*b + 620, b - 5*b = 4*k - 512. Suppose -5*v = -2*v - k. Suppose 4*w + 129 = 381. What is the highest common factor of w and v?
21
Let h be 193 + (-2)/(-6) + (-24)/(-9). Let d be (h/20 - 1)*(-2 + 7). Calculate the greatest common divisor of 88 and d.
44
Let v(x) be the first derivative of 69*x**2/2 + 2*x + 3. Let i be v(2). What is the highest common divisor of 20 and i?
20
Suppose 17*o - 4*o = 5005. Calculate the greatest common factor of o and 110.
55
Suppose -5*l - 20 = 0, l + l + 89 = 3*p. Let q = 4 + -2. Suppose 4*r = -2*c + 42, -6*r + 3*r = -q*c - 21. Calculate the highest common factor of r and p.
9
Let y(u) be the second derivative of 0 + 3*u + 29/2*u**2 - 1/3*u**3. Let d be y(14). Calculate the greatest common factor of 11 and d.
1
Suppose 72 = -74*t + 5252. What is the greatest common factor of 10 and t?
10
Let o(h) = -2*h**2 - 13*h. Let z be o(-5). What is the highest common factor of z and 105?
15
Let l be 405/36*4 - 1*(6 - 1). Let m be 2164/6 + (-2)/3. What is the highest common divisor of m and l?
40
Let q(y) = -y**3 - 3*y**2 + 6*y + 8. Let f be q(-4). Suppose h - 2*w - 112 = 0, 3*h - 4*w - 150 - 178 = f. Calculate the highest common divisor of 8 and h.
8
Let z be 48/(-176) + 2121/33. Calculate the greatest common divisor of z and 224.
32
Let z be 40/18 + (-4)/18. Let m = z + 7. Let a be (108/10)/(24/60). Calculate the highest common divisor of a and m.
9
Let p(d) = -d - 8. Let q be p(-12). Suppose q*a + 619 = 5*a. Suppose -6*k = -581 - a. Calculate the highest common factor of k and 25.
25
Suppose 47*c = 7*c + 2760. What is the highest common divisor of c and 3?
3
Let h = 49 - 46. Suppose -3*x = -h*f + f - 9, x + 2 = -f. What is the greatest common divisor of x and 25?
1
Suppose 15*x - k = 13*x + 338, 0 = 3*x + 5*k - 494. Calculate the highest common factor of 120 and x.
24
Let x(w) = w - 14. Let h be x(13). Let r be (0 - h)/(3 - 2). Let v be (-3 + r)/((-4)/26). Calculate the highest common factor of v and 91.
13
Let u(a) be the first derivative of a**4/4 + a**2/2 - 5*a - 2. Suppose -19 = -4*b - 3. Let s be u(b). Calculate the greatest common factor of s and 9.
9
Let l(g) = -5*g**2 - 357*g + 4. Let k be l(-69). Calculate the greatest common factor of k and 64.
64
Suppose 0 = -o - 5, -2*k = -3*k + 5*o - 17. Let h = 4 - 81. Let r = k - h. What is the greatest common factor of r and 5?
5
Let m be -11*(-9)/((-792)/(-32)). Calculate the greatest common divisor of m and 52.
4
Let a(p) = -2*p**3 + 3*p**2 + 248. Let r be a(0). Suppose -4*u + 19 = i, -3*u = 3*i - 0*u - 84. What is the highest common divisor of r and i?
31
Let t = 169 - 114. Let c = -127 - -131. Let r be 5 + -6 + c + 2. Calculate the highest common factor o